highest common divisor of 172 and o.
4
Let r(t) = 1 - 4*t + 5 - 25*t. Let y be r(-2). Suppose -i - y = -5*i. Calculate the highest common factor of 80 and i.
16
Suppose 37*x - 390 = 40*x. Let u = x - -93. Let d = u - -56. Calculate the greatest common divisor of d and 171.
19
Let j be 186 + (-1)/1 + 0. Let x = -183 + j. Calculate the greatest common factor of 32 and x.
2
Let i = 45249 + -21843. What is the highest common factor of i and 141?
141
Suppose -12 = -a - 3*n, 5*n - 22 = -3*a + 10. Suppose 2*q - 3*q = a*q. Let c be q + 431/13 + 20/(-130). What is the highest common factor of c and 3?
3
Let a = -36 - -38. Suppose p = 4*l - 54, -a*l = -4*p - 0*p - 160. Let y = p - -44. Calculate the greatest common divisor of y and 2.
2
Let x be 11/((-44)/(-540))*(-4 + 7). Calculate the highest common factor of 972 and x.
81
Let n(j) = 6*j**2 - 59*j - 375. Let s be n(-5). Let m = 71 + 9. What is the greatest common divisor of s and m?
10
Suppose 79*v = 175*v - 125*v + 145. What is the greatest common factor of v and 185?
5
Suppose -3*a - 5*r = -2*a - 389, 1533 = 4*a - 3*r. Calculate the greatest common factor of 72 and a.
24
Let h be -5 + (-134)/(-26) + 778/13. Calculate the greatest common divisor of 1500 and h.
60
Let a be 2 + (-44)/20 - ((-361)/5 + 2). What is the greatest common divisor of 560 and a?
70
Let r = 5095 + -5095. Suppose h = -3*h + 116. Suppose -3*u + h = -w, -2*u = -r*u - 5*w - 15. What is the highest common factor of 90 and u?
10
Suppose 0 = -5*w - 2*d + 1548, -5*w + 1265*d = 1266*d - 1544. Calculate the highest common factor of 242 and w.
22
Let m(q) = -q**3 - 5*q**2 - 8*q + 2. Let z(p) = p - 1. Let l(f) = -m(f) - 6*z(f). Let d be l(-4). What is the highest common factor of d and 48?
12
Let f be ((-48)/14)/((-58)/(-2233)). Let r = f - -144. What is the highest common factor of 24 and r?
12
Let i(k) = 2*k - 3. Let w be ((-242)/(-33))/(2/(-3)). Let j = w + 22. Let o be i(j). What is the highest common factor of 95 and o?
19
Let w = -42 + 92. Suppose m - 22 = -3*v, -5*v = -4*m - m - w. Let l = 6021 - 6019. Calculate the highest common divisor of v and l.
2
Let r = -51 + -4. Let p = r + 132. Let f(w) = 538*w - 79075. Let t be f(147). Calculate the highest common factor of t and p.
11
Suppose -12 = 3*u, 5*a - 7*a = 5*u - 332. Calculate the highest common divisor of a and 253.
11
Suppose k - l = 1691, 0 = 3*k + 2*l - 1611 - 3477. Calculate the greatest common divisor of 154 and k.
154
Suppose 8497 = -12*p + 9001. What is the highest common divisor of 5838 and p?
42
Let t be (40 - 44) + -2 + 11. Let v(u) = u**2 - 11. Let a be v(t). What is the highest common divisor of 168 and a?
14
Let j = -24 - -17. Let k(q) = q**2 - 17. Let g be k(j). What is the greatest common divisor of g and 2?
2
Suppose 0 = -42*m - 51*m + 85*m + 34112. Calculate the greatest common factor of m and 56.
8
Let n be (-17*1)/(9 + -10). Suppose -11*w - 30 = -n*w. Let q be ((-4)/(-12)*-8)/(w/(-150)). What is the highest common divisor of q and 32?
16
Let w = 140 + -165. Let u = w - -59. Let t = -49 + 355. What is the greatest common divisor of u and t?
34
Suppose 5*p + 9*p = 3*p. Let v = 9 + p. Calculate the highest common divisor of v and 36.
9
Let d(r) = -29*r + 3. Let f be d(3). Let q = 2274 - 2363. Let m = f - q. Calculate the highest common divisor of 40 and m.
5
Let d = 25 + -28. Let c be (-710)/d + (-3)/(-9) - 1. Let p = -82 + c. What is the greatest common divisor of p and 11?
11
Let c(a) be the first derivative of -a**3/3 + a**2/2 + 311*a + 5. Let u be c(0). Suppose 4*i - 229 = u. Calculate the greatest common divisor of i and 15.
15
Let w = 15468 + -4321. Calculate the greatest common divisor of 284 and w.
71
Let h be (-12363)/(-21) + -3 + (-6)/(-21). Let n = -578 + h. Calculate the highest common divisor of n and 184.
8
Let f be ((-1)/5*80)/(1/((-114)/4)). What is the greatest common factor of 969 and f?
57
Let n(x) = 3*x**2 - 609*x - 3756. Let t be n(-6). Let s(v) = 19*v - 1. Let r be s(1). Calculate the greatest common factor of t and r.
6
Suppose -3*q - 13 = -t, -t - 3*q - 20 = -9. Let a = -24 - -31. Suppose 2*w = t + a. Calculate the highest common divisor of 8 and w.
4
Suppose -11232 = -13417*g + 13413*g. What is the greatest common factor of g and 4?
4
Suppose 4*i + 5*o + 20 = 0, -i + o = -3*o - 16. Suppose i = 4*d - 15*d + 440. What is the greatest common divisor of d and 130?
10
Suppose 13 = d - 7*j + 10*j, 0 = 2*d + 5*j - 24. Let y be 6/4 - d/(98/(-959)). Calculate the greatest common factor of y and 56.
14
Suppose -23 = 34*p - 33*p. Let o = p - -26. Let z be o/9*0 - (1 + -177). What is the highest common factor of 22 and z?
22
Let g be (-1)/(-3) - (-6665)/93. Let i(b) = -17*b - 110. Let o be i(-16). Calculate the highest common divisor of g and o.
18
Let k be 38/9 + -4 - 420/(-54). Let v(g) = -63*g - 1. Let p be v(-3). Suppose -4*t + p = -164. Calculate the greatest common factor of t and k.
8
Let m(b) = b - 6. Let r be m(6). Let x be 2000/(-50)*(-1)/4. Suppose s + r*i + 3*i = 26, -5*i = x. What is the greatest common factor of 4 and s?
4
Let q be (0 - -12)*(-2)/(-3). Suppose y + y = q. Let d be 40 - ((y - 0) + 0). Calculate the highest common divisor of d and 9.
9
Let h be 713/372 - (-2)/24. Calculate the greatest common factor of 599 and h.
1
Let o(i) = -17*i + 28. Let m(n) = 2*n - 1. Let l(y) = -3*m(y) - o(y). Let w be l(5). What is the greatest common divisor of w and 105?
15
Suppose 5*g + 54*g = 16048 + 9558. What is the greatest common divisor of 112 and g?
14
Let d = -9311 - -9321. Calculate the highest common factor of d and 2730.
10
Suppose -4*v - 2*y = -101 - 27, y + 68 = 2*v. Let w(g) = 2*g**3 + 33*g**2 - 24*g - 75. Let l be w(-17). Calculate the highest common factor of v and l.
11
Let i be (-148)/333 + (-509)/9. Let u(y) = 112*y**3 - 2*y**2 - 2*y - 1. Let g be u(-1). Let k = i - g. What is the greatest common divisor of 14 and k?
14
Suppose 0 = -3*y - 2*t + 88, 2*t + 52 = 2*y - 0*t. Suppose y*b + 328 = 32*b. Let w be (b/(-7))/(-2) - (-4)/28. What is the highest common divisor of w and 18?
6
Let a = 4270 - 4102. Calculate the highest common factor of 1281 and a.
21
Suppose -1957 + 9677 = 63*i - 27245. Calculate the greatest common factor of 135 and i.
15
Let o be ((-5)/3 - -2)/(3/333). Suppose -o - 63 = -4*w. Suppose w = p + 10. Calculate the highest common divisor of p and 90.
15
Let r = 73 + -43. Suppose 7792 = 5*b - 2*z - 2*z, z - 7802 = -5*b. Suppose -5*g = 8*g - b. Calculate the highest common factor of g and r.
30
Suppose -2*c + 17 + 40 = -3*x, -c - 3*x = 3. Calculate the highest common factor of c and 7098.
6
Let h(d) = d**2 - d - 6. Let p be h(5). Let n(q) = 3*q**2 + 28*q - 17. Let j = -334 + 321. Let i be n(j). What is the highest common divisor of i and p?
14
Suppose 0 = 75*u - 59*u - 6720. Calculate the highest common divisor of 1848 and u.
84
Suppose 8*w + 479 = 3311. Suppose 17*r - w = 14*r. Let k = 137 - r. Calculate the highest common divisor of 38 and k.
19
Let s = 2 - -9. Suppose 0 = -s*p + 329 - 2529. Let a = -142 - p. What is the highest common divisor of a and 145?
29
Suppose -5*w + 59 = 2*v - 607, 2*w - 260 = -4*v. Suppose -8*m - 328 = -4*t - 3*m, -2*t = 5*m - w. Calculate the highest common factor of 22 and t.
11
Suppose -1 = -y + 8. Suppose y*x = -5*x + 882. Let n be (42/(-10))/(2/(-10)). What is the greatest common divisor of n and x?
21
Suppose -s = 72 - 507. Suppose -5*r - 3*h - 39 = -8*r, h = 2. Calculate the greatest common divisor of r and s.
15
Suppose -2*x + 6866 = -j, -45*x - 3*j = -48*x + 10296. What is the greatest common divisor of 136 and x?
34
Let x(s) = -6*s - 1. Suppose 25 = 6*o - 11. Let k be x(o). Let g = k + 67. What is the greatest common factor of g and 10?
10
Suppose -7 = 2*m - 119. Let n be 2/(-12) + 15/(-18)*-17. Calculate the highest common factor of m and n.
14
Suppose -6086 + 2503 = -222*c + 38375. What is the greatest common factor of c and 168?
21
Let p = -121 + 401. Suppose -l + p = a, -5*l - 3*a + 282 = -4*l. Let w = 68 + -37. Calculate the greatest common divisor of w and l.
31
Let g be ((-25)/(-35))/((-26)/(-546)). Calculate the greatest common divisor of 1965 and g.
15
Let p = 420 + -233. Suppose 2*l - 4*z = -43 + p, 140 = 2*l - 5*z. Let r(u) = 6*u**2 - 5*u - 1. Let c be r(-1). Ca